{"id":1154,"date":"2018-09-18T11:04:44","date_gmt":"2018-09-18T10:04:44","guid":{"rendered":"http:\/\/ecospace.beauvais.fr\/?page_id=1154"},"modified":"2022-06-15T14:48:09","modified_gmt":"2022-06-15T13:48:09","slug":"bien-etre-en-yoga","status":"publish","type":"page","link":"https:\/\/ecospace.beauvais.fr\/?page_id=1154","title":{"rendered":"Bien \u00catre en Yoga"},"content":{"rendered":"<p><img loading=\"lazy\" decoding=\"async\" class=\"size-thumbnail wp-image-1155 alignleft\" src=\"https:\/\/ecospace.beauvais.fr\/wp-content\/uploads\/2018\/09\/Logo-yoga-170x170.png\" alt=\"\" width=\"170\" height=\"170\" srcset=\"https:\/\/ecospace.beauvais.fr\/wp-content\/uploads\/2018\/09\/Logo-yoga-170x170.png 170w, https:\/\/ecospace.beauvais.fr\/wp-content\/uploads\/2018\/09\/Logo-yoga-90x90.png 90w, https:\/\/ecospace.beauvais.fr\/wp-content\/uploads\/2018\/09\/Logo-yoga-75x75.png 75w\" sizes=\"(max-width: 170px) 100vw, 170px\" \/>L&rsquo;association vous propose des s\u00e9ances d&rsquo;1h15 pour se poser, unifier corps et esprit par les postures, respirer, se d\u00e9tendre&#8230;<\/p>\n<p>Pour les enfants le mercredi \u00e0 \u00c9cospace de 10h30 \u00e0 11h45\u00a0(payant sur inscription).<\/p>\n<p><strong>Renseignements et inscriptions<\/strong><\/p>\n<p><em>Sylvie ZIMMERMANN<\/em><\/p>\n<p><em>06 74 81 76 77<\/em><\/p>\n<p><a href=\"mailto:bienetreenyoga@gmail.com\"><em>bienetreenyoga@gmail.com<\/em><\/a><\/p>\n<p><a href=\"http:\/\/bienetreenyoga.wix.com\/lorambre\"><em>http:\/\/bienetreenyoga.wix.com\/lorambre<\/em><\/a><\/p>\n<p>&nbsp;<\/p>\n","protected":false},"excerpt":{"rendered":"<p>L&rsquo;association vous propose des s\u00e9ances d&rsquo;1h15 pour se poser, unifier corps et esprit par les postures, respirer, se d\u00e9tendre&#8230; Pour les enfants le mercredi \u00e0 \u00c9cospace de 10h30 \u00e0 11h45\u00a0(payant sur inscription). Renseignements et inscriptions Sylvie ZIMMERMANN 06 74 81 76 77 bienetreenyoga@gmail.com http:\/\/bienetreenyoga.wix.com\/lorambre &nbsp;<\/p>\n","protected":false},"author":1,"featured_media":0,"parent":54,"menu_order":0,"comment_status":"closed","ping_status":"closed","template":"","meta":{"_et_pb_use_builder":"","_et_pb_old_content":"","_et_gb_content_width":"","footnotes":""},"_links":{"self":[{"href":"https:\/\/ecospace.beauvais.fr\/index.php?rest_route=\/wp\/v2\/pages\/1154"}],"collection":[{"href":"https:\/\/ecospace.beauvais.fr\/index.php?rest_route=\/wp\/v2\/pages"}],"about":[{"href":"https:\/\/ecospace.beauvais.fr\/index.php?rest_route=\/wp\/v2\/types\/page"}],"author":[{"embeddable":true,"href":"https:\/\/ecospace.beauvais.fr\/index.php?rest_route=\/wp\/v2\/users\/1"}],"replies":[{"embeddable":true,"href":"https:\/\/ecospace.beauvais.fr\/index.php?rest_route=%2Fwp%2Fv2%2Fcomments&post=1154"}],"version-history":[{"count":2,"href":"https:\/\/ecospace.beauvais.fr\/index.php?rest_route=\/wp\/v2\/pages\/1154\/revisions"}],"predecessor-version":[{"id":1211,"href":"https:\/\/ecospace.beauvais.fr\/index.php?rest_route=\/wp\/v2\/pages\/1154\/revisions\/1211"}],"up":[{"embeddable":true,"href":"https:\/\/ecospace.beauvais.fr\/index.php?rest_route=\/wp\/v2\/pages\/54"}],"wp:attachment":[{"href":"https:\/\/ecospace.beauvais.fr\/index.php?rest_route=%2Fwp%2Fv2%2Fmedia&parent=1154"}],"curies":[{"name":"wp","href":"https:\/\/api.w.org\/{rel}","templated":true}]}}