{"id":1172,"date":"2018-09-18T12:58:11","date_gmt":"2018-09-18T11:58:11","guid":{"rendered":"http:\/\/ecospace.beauvais.fr\/?page_id=1172"},"modified":"2022-06-15T14:48:08","modified_gmt":"2022-06-15T13:48:08","slug":"association-de-lutte-pour-lenvironnement-en-picardie","status":"publish","type":"page","link":"https:\/\/ecospace.beauvais.fr\/?page_id=1172","title":{"rendered":"ALEP &#8211; Association de Lutte pour l\u2019Environnement en Picardie"},"content":{"rendered":"<p><img loading=\"lazy\" decoding=\"async\" class=\"size-full wp-image-1170 alignleft\" src=\"https:\/\/ecospace.beauvais.fr\/wp-content\/uploads\/2018\/09\/logo-alep.jpg\" alt=\"\" width=\"90\" height=\"125\" \/>L\u2019Association de Lutte pour l\u2019Environnement en Picardie\u00a0(Beauvais, Oise) agit pour un nouveau\u00a0d\u00e9veloppement durable\u00a0et solidaire, pour des actions pr\u00e9ventives\u00a0dans une perspective de progr\u00e8s.<\/p>\n<p>L\u2019ALEP 60\u00a0s\u2019appuie sur le d\u00e9veloppement des connaissances et sur une d\u00e9marche scientifique rigoureuse.<\/p>\n<p>Jardinage agro\u00e9cologique, animations en lien avec la nature. Le jardin Oasis permet aux adh\u00e9rents de promouvoir le jardinage sans aucun produit phytosanitaire, d\u2019utiliser des purins et du compost. L\u2019association<br \/>\nvise \u00e0 l\u2019autonomie en graines et en eau et \u00e0 une alimentation plus saine.<br \/>\n\u2022 Troc de graines<br \/>\n\u2022 Ateliers nature<\/p>\n<p><a href=\"https:\/\/www.education-environnement-oise.com\/\">https:\/\/www.education-environnement-oise.com\/<\/a><\/p>\n<p>Contact: \u00a006 50 20 75 12<\/p>\n","protected":false},"excerpt":{"rendered":"<p>L\u2019Association de Lutte pour l\u2019Environnement en Picardie\u00a0(Beauvais, Oise) agit pour un nouveau\u00a0d\u00e9veloppement durable\u00a0et solidaire, pour des actions pr\u00e9ventives\u00a0dans une perspective de progr\u00e8s. L\u2019ALEP 60\u00a0s\u2019appuie sur le d\u00e9veloppement des connaissances et sur une d\u00e9marche scientifique rigoureuse. Jardinage agro\u00e9cologique, animations en lien avec la nature. Le jardin Oasis permet aux adh\u00e9rents de promouvoir le jardinage sans aucun produit phytosanitaire, d\u2019utiliser des purins<\/p>\n","protected":false},"author":1,"featured_media":0,"parent":0,"menu_order":0,"comment_status":"closed","ping_status":"closed","template":"","meta":{"_et_pb_use_builder":"","_et_pb_old_content":"","_et_gb_content_width":"","footnotes":""},"_links":{"self":[{"href":"https:\/\/ecospace.beauvais.fr\/index.php?rest_route=\/wp\/v2\/pages\/1172"}],"collection":[{"href":"https:\/\/ecospace.beauvais.fr\/index.php?rest_route=\/wp\/v2\/pages"}],"about":[{"href":"https:\/\/ecospace.beauvais.fr\/index.php?rest_route=\/wp\/v2\/types\/page"}],"author":[{"embeddable":true,"href":"https:\/\/ecospace.beauvais.fr\/index.php?rest_route=\/wp\/v2\/users\/1"}],"replies":[{"embeddable":true,"href":"https:\/\/ecospace.beauvais.fr\/index.php?rest_route=%2Fwp%2Fv2%2Fcomments&post=1172"}],"version-history":[{"count":3,"href":"https:\/\/ecospace.beauvais.fr\/index.php?rest_route=\/wp\/v2\/pages\/1172\/revisions"}],"predecessor-version":[{"id":1849,"href":"https:\/\/ecospace.beauvais.fr\/index.php?rest_route=\/wp\/v2\/pages\/1172\/revisions\/1849"}],"wp:attachment":[{"href":"https:\/\/ecospace.beauvais.fr\/index.php?rest_route=%2Fwp%2Fv2%2Fmedia&parent=1172"}],"curies":[{"name":"wp","href":"https:\/\/api.w.org\/{rel}","templated":true}]}}