{"id":1435,"date":"2020-07-30T15:14:14","date_gmt":"2020-07-30T14:14:14","guid":{"rendered":"http:\/\/ecospace.beauvais.fr\/?page_id=1435"},"modified":"2022-06-15T14:48:09","modified_gmt":"2022-06-15T13:48:09","slug":"les-panneaux-thermiques-2","status":"publish","type":"page","link":"https:\/\/ecospace.beauvais.fr\/?page_id=1435","title":{"rendered":"LES PANNEAUX THERMIQUES"},"content":{"rendered":"<p style=\"text-align: center;\"><img loading=\"lazy\" decoding=\"async\" class=\"alignnone  wp-image-1438 alignleft\" src=\"https:\/\/ecospace.beauvais.fr\/wp-content\/uploads\/2020\/07\/panneaux-thermiques-1-1024x768.jpg\" alt=\"\" width=\"496\" height=\"372\" srcset=\"https:\/\/ecospace.beauvais.fr\/wp-content\/uploads\/2020\/07\/panneaux-thermiques-1-1024x768.jpg 1024w, https:\/\/ecospace.beauvais.fr\/wp-content\/uploads\/2020\/07\/panneaux-thermiques-1-300x225.jpg 300w, https:\/\/ecospace.beauvais.fr\/wp-content\/uploads\/2020\/07\/panneaux-thermiques-1-768x576.jpg 768w, https:\/\/ecospace.beauvais.fr\/wp-content\/uploads\/2020\/07\/panneaux-thermiques-1.jpg 1069w\" sizes=\"(max-width: 496px) 100vw, 496px\" \/>Contrairement aux panneaux photovolta\u00efques, ceux-ci n\u2019ont pas pour objectif de cr\u00e9er de l\u2019\u00e9lectricit\u00e9.<\/p>\n<p style=\"text-align: center;\">Leur utilit\u00e9 est de r\u00e9cup\u00e9rer de la chaleur solaire, de ventiler gr\u00e2ce \u00e0 de l\u2019air neuf et de d\u00e9shumidifier la grange.<br \/>\nTout cela est possible gr\u00e2ce \u00e0 un syst\u00e8me ing\u00e9nieux et autonome, la chaleur est souffl\u00e9e par un ventilateur int\u00e9gr\u00e9.<\/p>\n<p><img loading=\"lazy\" decoding=\"async\" class=\"size-full wp-image-1445 aligncenter\" src=\"https:\/\/ecospace.beauvais.fr\/wp-content\/uploads\/2020\/07\/image.png\" alt=\"\" width=\"196\" height=\"232\" \/><\/p>\n","protected":false},"excerpt":{"rendered":"<p>Contrairement aux panneaux photovolta\u00efques, ceux-ci n\u2019ont pas pour objectif de cr\u00e9er de l\u2019\u00e9lectricit\u00e9. Leur utilit\u00e9 est de r\u00e9cup\u00e9rer de la chaleur solaire, de ventiler gr\u00e2ce \u00e0 de l\u2019air neuf et de d\u00e9shumidifier la grange. Tout cela est possible gr\u00e2ce \u00e0 un syst\u00e8me ing\u00e9nieux et autonome, la chaleur est souffl\u00e9e par un ventilateur int\u00e9gr\u00e9.<\/p>\n","protected":false},"author":1,"featured_media":0,"parent":0,"menu_order":0,"comment_status":"closed","ping_status":"closed","template":"","meta":{"_et_pb_use_builder":"","_et_pb_old_content":"","_et_gb_content_width":"","footnotes":""},"_links":{"self":[{"href":"https:\/\/ecospace.beauvais.fr\/index.php?rest_route=\/wp\/v2\/pages\/1435"}],"collection":[{"href":"https:\/\/ecospace.beauvais.fr\/index.php?rest_route=\/wp\/v2\/pages"}],"about":[{"href":"https:\/\/ecospace.beauvais.fr\/index.php?rest_route=\/wp\/v2\/types\/page"}],"author":[{"embeddable":true,"href":"https:\/\/ecospace.beauvais.fr\/index.php?rest_route=\/wp\/v2\/users\/1"}],"replies":[{"embeddable":true,"href":"https:\/\/ecospace.beauvais.fr\/index.php?rest_route=%2Fwp%2Fv2%2Fcomments&post=1435"}],"version-history":[{"count":11,"href":"https:\/\/ecospace.beauvais.fr\/index.php?rest_route=\/wp\/v2\/pages\/1435\/revisions"}],"predecessor-version":[{"id":1511,"href":"https:\/\/ecospace.beauvais.fr\/index.php?rest_route=\/wp\/v2\/pages\/1435\/revisions\/1511"}],"wp:attachment":[{"href":"https:\/\/ecospace.beauvais.fr\/index.php?rest_route=%2Fwp%2Fv2%2Fmedia&parent=1435"}],"curies":[{"name":"wp","href":"https:\/\/api.w.org\/{rel}","templated":true}]}}