{"id":1560,"date":"2020-07-31T16:10:24","date_gmt":"2020-07-31T15:10:24","guid":{"rendered":"http:\/\/ecospace.beauvais.fr\/?page_id=1560"},"modified":"2022-06-15T14:48:09","modified_gmt":"2022-06-15T13:48:09","slug":"lecospace-de-la-mie-au-roy-dhier-a-demain","status":"publish","type":"page","link":"https:\/\/ecospace.beauvais.fr\/?page_id=1560","title":{"rendered":"L\u2019\u00c9cospace de la Mie au Roy d\u2019hier \u00e0 demain\u2026"},"content":{"rendered":"\n<div class=\"wp-block-image\"><figure class=\"alignleft is-resized\"><img loading=\"lazy\" decoding=\"async\" src=\"https:\/\/ecospace.beauvais.fr\/wp-content\/uploads\/2020\/07\/image-2.png\" alt=\"\" class=\"wp-image-1565\" width=\"37\" height=\"653\" srcset=\"https:\/\/ecospace.beauvais.fr\/wp-content\/uploads\/2020\/07\/image-2.png 44w, https:\/\/ecospace.beauvais.fr\/wp-content\/uploads\/2020\/07\/image-2-17x300.png 17w\" sizes=\"(max-width: 37px) 100vw, 37px\" \/><\/figure><\/div>\n\n\n\n<p><\/p>\n\n\n\n<p>XVII\u00e8me &#8211; La Mie au Roy n\u2019est pas encore un quartier de Beauvais. Ce n\u2019est qu\u2019un hameau avec une chapelle, un moulin et la ferme qui stockait le grain. On peut d\u00e9j\u00e0 observer les b\u00e2timents qui accueillent aujourd\u2019hui l\u2019\u00c9cospace<\/p>\n\n\n\n<p>XIX\u00e8me et XX\u00e8me &#8211; L\u2019\u00e9levage et l\u2019agriculture \u00e9taient les principales activit\u00e9s de la ferme \u00e0 cette \u00e9poque.<br>Abandon progressif de certains b\u00e2timents qui tombent en ruines. Ci-contre, la ferme de la Mie au Roy \u00e0 la fin des ann\u00e9es 1930.<\/p>\n\n\n\n<p>1997 &#8211; Achat par la Ville de Beauvais. 1<sup>\u00e8re<\/sup> phase de restauration : r\u00e9novation ancienne remise, des toitures de l&rsquo;ancienne habitation et de l&rsquo;ancienne \u00e9table pour cr\u00e9er une ferme p\u00e9dagogique<\/p>\n\n\n\n<p>2004 &#8211; Seconde phase de travaux pour cr\u00e9er une structure d&rsquo;\u00e9ducation au d\u00e9veloppement durable.<\/p>\n\n\n\n<p>2005 &#8211; Cr\u00e9ation des jardins durables de la Mie au Roy et des jardins p\u00e9dagogiques<\/p>\n\n\n\n<p>2007 &#8211; R\u00e9novation de la remise en bureau d\u2019accueil. D\u00e9but de la r\u00e9novation de la grange et de la seconde remise<\/p>\n\n\n\n<p>2008 &#8211; R\u00e9novation de l\u2019ancienne \u00e9table : cr\u00e9ation des salles d\u2019animation &#8211; r\u00e9union et de bureaux.<\/p>\n\n\n\n<p>2009 &#8211; Installation de l\u2019\u00e9olienne.<\/p>\n\n\n\n<p>2011 &#8211; R\u00e9novation de la grange toiture.<\/p>\n\n\n\n<p>2014 &#8211; Cr\u00e9ation du verger p\u00e9dagogique et de l\u2019acc\u00e8s.<\/p>\n\n\n\n<p>2015 &#8211; Installation du chantier d\u2019insertion dans l\u2019ancienne habitation et r\u00e9novation de la cour.<\/p>\n\n\n\n<p>2019 &#8211; Livraison des bureaux aux associations.<\/p>\n\n\n\n<p>En cours  &#8211; Cr\u00e9ation d\u2019un espace de vie commune, fin de la r\u00e9novation de la grange.<\/p>\n\n\n\n<p>A suivre &#8211; Cr\u00e9ation d\u2019un b\u00e2timent pour la chaufferie, d\u2019une cuisine\u2026 <\/p>\n\n\n\n<figure class=\"wp-block-image\"><img loading=\"lazy\" decoding=\"async\" width=\"960\" height=\"130\" src=\"https:\/\/ecospace.beauvais.fr\/wp-content\/uploads\/2020\/07\/Frise-2.jpg\" alt=\"\" class=\"wp-image-1572\" srcset=\"https:\/\/ecospace.beauvais.fr\/wp-content\/uploads\/2020\/07\/Frise-2.jpg 960w, https:\/\/ecospace.beauvais.fr\/wp-content\/uploads\/2020\/07\/Frise-2-300x41.jpg 300w, https:\/\/ecospace.beauvais.fr\/wp-content\/uploads\/2020\/07\/Frise-2-768x104.jpg 768w\" sizes=\"(max-width: 960px) 100vw, 960px\" \/><\/figure>\n","protected":false},"excerpt":{"rendered":"<p>XVII\u00e8me &#8211; La Mie au Roy n\u2019est pas encore un quartier de Beauvais. Ce n\u2019est qu\u2019un hameau avec une chapelle, un moulin et la ferme qui stockait le grain. On peut d\u00e9j\u00e0 observer les b\u00e2timents qui accueillent aujourd\u2019hui l\u2019\u00c9cospace XIX\u00e8me et XX\u00e8me &#8211; L\u2019\u00e9levage et l\u2019agriculture \u00e9taient les principales activit\u00e9s de la ferme \u00e0 cette \u00e9poque.Abandon progressif de certains b\u00e2timents<\/p>\n","protected":false},"author":1,"featured_media":1549,"parent":0,"menu_order":0,"comment_status":"closed","ping_status":"closed","template":"","meta":{"_et_pb_use_builder":"","_et_pb_old_content":"","_et_gb_content_width":"","footnotes":""},"_links":{"self":[{"href":"https:\/\/ecospace.beauvais.fr\/index.php?rest_route=\/wp\/v2\/pages\/1560"}],"collection":[{"href":"https:\/\/ecospace.beauvais.fr\/index.php?rest_route=\/wp\/v2\/pages"}],"about":[{"href":"https:\/\/ecospace.beauvais.fr\/index.php?rest_route=\/wp\/v2\/types\/page"}],"author":[{"embeddable":true,"href":"https:\/\/ecospace.beauvais.fr\/index.php?rest_route=\/wp\/v2\/users\/1"}],"replies":[{"embeddable":true,"href":"https:\/\/ecospace.beauvais.fr\/index.php?rest_route=%2Fwp%2Fv2%2Fcomments&post=1560"}],"version-history":[{"count":9,"href":"https:\/\/ecospace.beauvais.fr\/index.php?rest_route=\/wp\/v2\/pages\/1560\/revisions"}],"predecessor-version":[{"id":2033,"href":"https:\/\/ecospace.beauvais.fr\/index.php?rest_route=\/wp\/v2\/pages\/1560\/revisions\/2033"}],"wp:featuredmedia":[{"embeddable":true,"href":"https:\/\/ecospace.beauvais.fr\/index.php?rest_route=\/wp\/v2\/media\/1549"}],"wp:attachment":[{"href":"https:\/\/ecospace.beauvais.fr\/index.php?rest_route=%2Fwp%2Fv2%2Fmedia&parent=1560"}],"curies":[{"name":"wp","href":"https:\/\/api.w.org\/{rel}","templated":true}]}}