{"id":182,"date":"2013-01-04T11:48:37","date_gmt":"2013-01-04T10:48:37","guid":{"rendered":"http:\/\/ecospace.beauvais.fr\/?page_id=182"},"modified":"2022-06-15T14:48:09","modified_gmt":"2022-06-15T13:48:09","slug":"le-chantier-dinsertion-professionnelle","status":"publish","type":"page","link":"https:\/\/ecospace.beauvais.fr\/?page_id=182","title":{"rendered":"Le chantier d&rsquo;insertion professionnelle"},"content":{"rendered":"<p>Un chantier d&rsquo;insertion a pour principe de permettre \u00e0 des personnes, recherchant un emploi ou souhaitant se former, de pratiquer concr\u00e8tement un m\u00e9tier tout en se formant.<a href=\"https:\/\/ecospace.beauvais.fr\/wp-content\/uploads\/2013\/01\/Photo-19-flouter-visage.jpg\"><img loading=\"lazy\" decoding=\"async\" class=\"size-medium wp-image-295 alignright\" src=\"https:\/\/ecospace.beauvais.fr\/wp-content\/uploads\/2013\/01\/Photo-19-flouter-visage-300x225.jpg\" alt=\"Photo 19 (flouter visage)\" width=\"294\" height=\"224\" \/><\/a><\/p>\n<p>Le dispositif \u00ab\u00a0chantier d&rsquo;insertion professionnelle\u00a0\u00bb implique la collaboration de nombreux partenaires. Il n\u00e9cessite l&rsquo;implication de\u00a0 nombreux services de la Ville (DRH, service insertion, services techniques, direction d\u00e9veloppement durable).<\/p>\n<p>A l&rsquo;\u00c9cospace de la Mie au Roy, la majeure partie des travaux sont r\u00e9alis\u00e9s par le chantier d&rsquo;insertion : plantation et entretien des espaces verts, d\u00e9blaiement des locaux, restauration de tous les b\u00e2timents allant du gros \u0153uvre aux finitions (ma\u00e7onnerie, torchis, cloison, placage, isolation, peinture, carrelage, fa\u00efence&#8230;).<\/p>\n<p style=\"text-align: left;\">Une partie des travaux est r\u00e9alis\u00e9e par des entreprises : plomberie et \u00e9lectricit\u00e9, voirie, d\u00e9montage et remontage de la structure de la grange.<\/p>\n","protected":false},"excerpt":{"rendered":"<p>Un chantier d&rsquo;insertion a pour principe de permettre \u00e0 des personnes, recherchant un emploi ou souhaitant se former, de pratiquer concr\u00e8tement un m\u00e9tier tout en se formant. Le dispositif \u00ab\u00a0chantier d&rsquo;insertion professionnelle\u00a0\u00bb implique la collaboration de nombreux partenaires. Il n\u00e9cessite l&rsquo;implication de\u00a0 nombreux services de la Ville (DRH, service insertion, services techniques, direction d\u00e9veloppement durable). A l&rsquo;\u00c9cospace de la Mie<\/p>\n","protected":false},"author":1,"featured_media":296,"parent":59,"menu_order":0,"comment_status":"closed","ping_status":"open","template":"","meta":{"_et_pb_use_builder":"","_et_pb_old_content":"","_et_gb_content_width":"","footnotes":""},"_links":{"self":[{"href":"https:\/\/ecospace.beauvais.fr\/index.php?rest_route=\/wp\/v2\/pages\/182"}],"collection":[{"href":"https:\/\/ecospace.beauvais.fr\/index.php?rest_route=\/wp\/v2\/pages"}],"about":[{"href":"https:\/\/ecospace.beauvais.fr\/index.php?rest_route=\/wp\/v2\/types\/page"}],"author":[{"embeddable":true,"href":"https:\/\/ecospace.beauvais.fr\/index.php?rest_route=\/wp\/v2\/users\/1"}],"replies":[{"embeddable":true,"href":"https:\/\/ecospace.beauvais.fr\/index.php?rest_route=%2Fwp%2Fv2%2Fcomments&post=182"}],"version-history":[{"count":16,"href":"https:\/\/ecospace.beauvais.fr\/index.php?rest_route=\/wp\/v2\/pages\/182\/revisions"}],"predecessor-version":[{"id":1514,"href":"https:\/\/ecospace.beauvais.fr\/index.php?rest_route=\/wp\/v2\/pages\/182\/revisions\/1514"}],"up":[{"embeddable":true,"href":"https:\/\/ecospace.beauvais.fr\/index.php?rest_route=\/wp\/v2\/pages\/59"}],"wp:featuredmedia":[{"embeddable":true,"href":"https:\/\/ecospace.beauvais.fr\/index.php?rest_route=\/wp\/v2\/media\/296"}],"wp:attachment":[{"href":"https:\/\/ecospace.beauvais.fr\/index.php?rest_route=%2Fwp%2Fv2%2Fmedia&parent=182"}],"curies":[{"name":"wp","href":"https:\/\/api.w.org\/{rel}","templated":true}]}}