{"id":2629,"date":"2023-08-07T09:00:00","date_gmt":"2023-08-07T08:00:00","guid":{"rendered":"http:\/\/ecospace.beauvais.fr\/?page_id=2629"},"modified":"2023-08-31T08:47:32","modified_gmt":"2023-08-31T07:47:32","slug":"nature-et-bien-etre-en-fete-3-sept-2023","status":"publish","type":"page","link":"https:\/\/ecospace.beauvais.fr\/?page_id=2629","title":{"rendered":"NATURE ET BIEN \u00caTRE EN F\u00caTE &#8211; 3 SEPT 2023"},"content":{"rendered":"\n<p class=\"has-text-align-center has-medium-font-size\">Programme des stands, animations et ateliers<br><em>Ouvert \u00e0 tous &#8211; gratuit<\/em><\/p>\n\n\n\n<p class=\"has-black-color has-pale-ocean-gradient-background has-text-color has-background has-medium-font-size\"><em>Association A l\u2019\u00e9coute de la nature<\/em><br>D\u00e9couverte des plantes d\u2019eau (m\u00e9dicinales) et atelier cuisine avec d\u00e9gustation.<\/p>\n\n\n\n<p class=\"has-luminous-dusk-gradient-background has-background has-medium-font-size\"><em>Association ALEP 60<\/em><br>Atelier etegami pour les enfants<\/p>\n\n\n\n<p class=\"has-pale-ocean-gradient-background has-background has-medium-font-size\"><em>Association Beauvais Argentine Aquariophilie<\/em><br>L&rsquo;aquarium au service de la sant\u00e9. L&rsquo;aquarium souvent pr\u00e9sent\u00e9 comme un objet vivant de d\u00e9coration peut \u00eatre aussi un outil au service de la sant\u00e9, un moyen d&rsquo;\u00e9changes interg\u00e9n\u00e9rationnels.<\/p>\n\n\n\n<p class=\"has-luminous-dusk-gradient-background has-background has-medium-font-size\"><em>Association Collembole et Cie<\/em><br>Les&nbsp; plantes aromatiques et leurs petits secrets bien \u00eatre.<br>Pr\u00e9sentation de plantes.&nbsp; Atelier de fabrication de sirop et autres boissons maison.<\/p>\n\n\n\n<p class=\"has-pale-ocean-gradient-background has-background has-medium-font-size\"><em>Association Corr\u00e9lation<\/em><br>\u00ab&nbsp;Le compostage sous toutes ses formes&nbsp;\u00bb<\/p>\n\n\n\n<p class=\"has-luminous-dusk-gradient-background has-background has-medium-font-size\"><em>Association la Ludo Plan\u00e8te<\/em><br>Espace jeux pour tous<\/p>\n\n\n\n<p class=\"has-pale-ocean-gradient-background has-background has-medium-font-size\"><em>Association les 5 saisons<\/em><br>Initiation \u00e0 la m\u00e9ditation \u00e0 14h et au Qi Gong \u00e0 16h30<\/p>\n\n\n\n<p class=\"has-luminous-dusk-gradient-background has-background has-medium-font-size\"><em>Association les Jardins Durables de la Mie au Roy<\/em><br>Visite et pr\u00e9sentation de ses jardins.<\/p>\n\n\n\n<p class=\"has-pale-ocean-gradient-background has-background has-medium-font-size\"><em>Association Oisux<\/em><br>Vers la sobri\u00e9t\u00e9 num\u00e9rique. Favoriser l&rsquo;usage des logiciels libres qui consomment les mat\u00e9riaux et l&rsquo;\u00e9nergie juste suffisants, l&rsquo;usage des smartphones durables. Faire durer son mat\u00e9riel. H\u00e9berger ses donn\u00e9es en circuit court.<\/p>\n\n\n\n<p class=\"has-luminous-dusk-gradient-background has-background has-medium-font-size\"><em>Association&nbsp;Objectif Sciences Environnement<\/em><br>Exposition photo 100% Nature. Une cinquantaine&nbsp; de macro et proxiphotographies pour un autre regard sur la biodiversit\u00e9 locale qui nous entoure.<\/p>\n\n\n\n<p class=\"has-pale-ocean-gradient-background has-background has-medium-font-size\"><em>Be happy by Caroline<\/em><br>S\u00e9ance d\u2019initiation au yoga (10h30 et 15h30) &amp; Atelier d\u00e9couverte des huiles essentielles (13h30 et 17h)<\/p>\n\n\n\n<p class=\"has-luminous-dusk-gradient-background has-background has-medium-font-size\"><em>Conservatoire d\u2019Espaces Naturels des Hauts-de-France<\/em><br>Sortie d\u00e9couverte du Marais de Saint Just \u00e0 14 heures<\/p>\n\n\n\n<p class=\"has-pale-ocean-gradient-background has-background has-medium-font-size\"><em>Espace Info \u00c9nergie<\/em><br>Les isolants biosourc\u00e9s&nbsp;: isoler son logement avec les mat\u00e9riaux issus des plantes. L&rsquo;\u00e9lectricyclette.<br>Echantillons, quizz sur l&rsquo;isolation, les isolants biosourc\u00e9s. Informations et conseils sur la r\u00e9novation \u00e9nerg\u00e9tique de son logement, sp\u00e9cialement l&rsquo;isolation, et les aides financi\u00e8res associ\u00e9es.<\/p>\n\n\n\n<p class=\"has-luminous-dusk-gradient-background has-background has-medium-font-size\"><em>Evelyne DELAFALIZE \u2013 Nutritionniste Di\u00e9t\u00e9ticienne<\/em><br>Atelier \u00ab&nbsp;&nbsp;une alimentation saine&nbsp;\u00bb<\/p>\n\n\n\n<p class=\"has-pale-ocean-gradient-background has-background has-medium-font-size\"><em>FREDON Hauts-de-France (\u00e0 partir de 14 heures)<\/em><br>Sensibilisation aux esp\u00e8ces invasives qui ont un impact pour la sant\u00e9 humaine et l\u2019environnement (chenilles de processionnaire, la Berce du Caucase, l\u2019ambroisie et le moustique tigre).<\/p>\n\n\n\n<p class=\"has-luminous-dusk-gradient-background has-background has-medium-font-size\"><em>Hortibat<\/em><br>Les \u00e9quipes de mara\u00eech\u00e8res et de mara\u00eechers d&rsquo;Hortibat Beauvais vous proposent \u00e0 la vente les produits issus de leur r\u00e9colte.<\/p>\n\n\n\n<p class=\"has-pale-ocean-gradient-background has-background has-medium-font-size\"><em>Kanga World<sub><sup>\u00ae<\/sup><\/sub><\/em><br>L&rsquo;association vous propose une d\u00e9couverte de ses disciplines :<br>&#8211; KangaKids<sub><sup>\u00ae<\/sup><\/sub> pour les enfants de 2 \u00e0 6 ans : Atelier \u00e0 11 heures -&gt; activit\u00e9 de d\u00e9veloppement corporel, \u00e9veil aux mouvements et aux sens&#8230; (avec ou sans le parent)<br>&#8211; Stretchflow<sub><sup>\u00ae<\/sup><\/sub> pour adulte : Atelier \u00e0 11h20 -&gt; activit\u00e9 de stretching en mouvement permettant un retour \u00e0 soi et un l\u00e2cher-prise<br>&#8211; KangaTraining<sub><sup>\u00ae<\/sup><\/sub> : Atelier \u00e0 15 heures -&gt; Activit\u00e9 de remise en mouvement post natal avec le b\u00e9b\u00e9<\/p>\n\n\n\n<p class=\"has-luminous-dusk-gradient-background has-background has-medium-font-size\"><em>Syndicat Mixte du D\u00e9partement de l\u2019Oise<\/em><br>Animation autour du tri et du recyclage<\/p>\n\n\n\n<p class=\"has-pale-ocean-gradient-background has-background has-medium-font-size\"><em>Arts Visuels Centres sociaux \u2013 Ville de Beauvais<\/em><br>Mettre les arts visuels au service de l\u2019environnement. Atelier \u00ab&nbsp;le r\u00e9emploi par la cr\u00e9ativit\u00e9&nbsp;\u00bb<\/p>\n\n\n\n<p class=\"has-luminous-dusk-gradient-background has-background has-medium-font-size\"><em>Service ADN \u2013 Ville de Beauvais<\/em><br>Gr\u00e2ce \u00e0 vos coups de p\u00e9dales, venez d\u00e9gustez un d\u00e9licieux&nbsp;smoothie.<br>A la d\u00e9couverte des papillons<\/p>\n\n\n\n<p class=\"has-pale-ocean-gradient-background has-background has-medium-font-size\"><em>Service Patrimoine Naturel \u2013 Agglom\u00e9ration du Beauvaisis<\/em><br>Pr\u00e9sentation des sites Natura 2000 et de l\u2019atlas de la biodiversit\u00e9.<br>Balade d\u00e9couverte du Bois Brulet et de la zone humide de Saint Just des Marais<\/p>\n\n\n\n<p class=\"has-luminous-dusk-gradient-background has-background has-medium-font-size\"><em>Direction Transitions et Sant\u00e9 \u2013 Agglom\u00e9ration du Beauvaisis<\/em><br>Pr\u00e9sentation de la r\u00e9novation de la grange et des mat\u00e9riaux isolants.<br>Ateliers&nbsp;: fabrication papier ensemenc\u00e9, cuisine z\u00e9ro cuisson, torchis, d\u00e9couverte du massage assis\u2026<\/p>\n\n\n\n<p><\/p>\n\n\n\n<p class=\"has-medium-font-size\"><\/p>\n\n\n\n<p class=\"has-text-align-center has-blush-light-purple-gradient-background has-background has-medium-font-size\">Restauration possible sur place avec \u00ab&nbsp;la tartatine&nbsp;\u00bb<br>Ambiance musicale<\/p>\n","protected":false},"excerpt":{"rendered":"<p>Programme des stands, animations et ateliersOuvert \u00e0 tous &#8211; gratuit Association A l\u2019\u00e9coute de la natureD\u00e9couverte des plantes d\u2019eau (m\u00e9dicinales) et atelier cuisine avec d\u00e9gustation. Association ALEP 60Atelier etegami pour les enfants Association Beauvais Argentine AquariophilieL&rsquo;aquarium au service de la sant\u00e9. L&rsquo;aquarium souvent pr\u00e9sent\u00e9 comme un objet vivant de d\u00e9coration peut \u00eatre aussi un outil au service de la sant\u00e9,<\/p>\n","protected":false},"author":1,"featured_media":0,"parent":0,"menu_order":0,"comment_status":"closed","ping_status":"closed","template":"","meta":{"_et_pb_use_builder":"off","_et_pb_old_content":"","_et_gb_content_width":"","footnotes":""},"_links":{"self":[{"href":"https:\/\/ecospace.beauvais.fr\/index.php?rest_route=\/wp\/v2\/pages\/2629"}],"collection":[{"href":"https:\/\/ecospace.beauvais.fr\/index.php?rest_route=\/wp\/v2\/pages"}],"about":[{"href":"https:\/\/ecospace.beauvais.fr\/index.php?rest_route=\/wp\/v2\/types\/page"}],"author":[{"embeddable":true,"href":"https:\/\/ecospace.beauvais.fr\/index.php?rest_route=\/wp\/v2\/users\/1"}],"replies":[{"embeddable":true,"href":"https:\/\/ecospace.beauvais.fr\/index.php?rest_route=%2Fwp%2Fv2%2Fcomments&post=2629"}],"version-history":[{"count":6,"href":"https:\/\/ecospace.beauvais.fr\/index.php?rest_route=\/wp\/v2\/pages\/2629\/revisions"}],"predecessor-version":[{"id":2662,"href":"https:\/\/ecospace.beauvais.fr\/index.php?rest_route=\/wp\/v2\/pages\/2629\/revisions\/2662"}],"wp:attachment":[{"href":"https:\/\/ecospace.beauvais.fr\/index.php?rest_route=%2Fwp%2Fv2%2Fmedia&parent=2629"}],"curies":[{"name":"wp","href":"https:\/\/api.w.org\/{rel}","templated":true}]}}